1
Let y(l) = 40135*l**3 + 3*l**2 - 4*l + 2. Let q be y(1). Suppose -11*r = 18*r - q. What are the prime factors of r?
2, 173
Let i = 2690 - -3538. List the prime factors of i.
2, 3, 173
Let m(s) = 4*s**2 + s + 1. Let l(o) = o**2 + o + 1. Let n(i) = 2*l(i) + m(i). Let z be n(5). Suppose -3*u + 9*u = z. List the prime factors of u.
2, 7
Suppose 35*j - 40*j - 100 = 0. Let w(m) = -32*m - 6. List the prime factors of w(j).
2, 317
Suppose 8*d = 7*d + 7. Suppose v + 5 = d. What are the prime factors of 2*(v + 15/(-6))*-177?
3, 59
What are the prime factors of (-5 - -1)/(-3 - ((-3336)/(-371))/(-3))?
2, 7, 53
Let p = 339 + -217. Suppose p + 346 = 9*d. What are the prime factors of 5/(15/18)*d/8?
3, 13
List the prime factors of 4 - (77*-52 - -9).
3, 31, 43
Suppose y + 11 + 7 = 0. Let l = 37 + y. Suppose 2*m + o = 38, -3*m + 12 + l = -5*o. List the prime factors of m.
17
Let u = 106 + -101. Suppose u*o - k = 337 + 260, 0 = 5*o - 2*k - 599. Let q = o + 109. List the prime factors of q.
2, 3, 19
Let w(s) = 6*s - 20. Suppose -5*p + 42 = -188. Let a = -42 + p. List the prime factors of w(a).
2
Suppose f + 2*m - 3489 = 0, 318*f = 314*f + 5*m + 13956. What are the prime factors of f?
3, 1163
Let j = -44 - -147. Let p = 25 - j. What are the prime factors of p/1*(-5)/10?
3, 13
Suppose -14*w - 1605 = -1633. Suppose 2*b - 81 = 3*t - 343, 5*b = -4*t + 357. Suppose t = 6*y - w*y. What are the prime factors of y?
2, 11
Let m = 7235 - 1337. What are the prime factors of m?
2, 3, 983
Let b(s) = -399*s - 245. List the prime factors of b(-28).
7, 223
Let b be -115 + 1/(3/3). Let y = b - -186. What are the prime factors of y?
2, 3
Suppose g - 12 = 5*t, -7*t = -4*t - 5*g + 16. Let i(w) = 28*w**2 - w - 4. Let v(l) = 27*l**2 - 3. Let r(q) = t*i(q) + 3*v(q). List the prime factors of r(-2).
5, 19
Let w(h) = -12*h - 53. Let z be w(-7). Let i = 1341 - 801. Suppose -26*l - i = -z*l. What are the prime factors of l?
2, 3
Suppose 0 = -90*k + 413203 - 140863. What are the prime factors of k?
2, 17, 89
Suppose -4*v + 62428 = 2*k, k - 33102 = -5*v - 1888. List the prime factors of k.
2, 15607
Let t(o) = o**2 - 2*o - 14. Let k = -28 + 17. Let y be t(k). Suppose 43 = -2*q + p + y, -p = 4. What are the prime factors of q?
41
Let s be 4 - 6 - (-1 - 122). Let c = 115 - s. List the prime factors of (-1220)/c*102/85.
2, 61
Suppose -4*u + 4*m + 31166 = 8894, -3*m = -u + 5558. List the prime factors of u.
5573
What are the prime factors of (-4)/((-8)/(-14)) + (634 - 31)?
2, 149
Let g(q) = -576*q - 1893. List the prime factors of g(-40).
3, 7, 19, 53
Let a = 20770 + -6440. What are the prime factors of a?
2, 5, 1433
Let s(c) = 2*c + 14. Let h be s(-5). Suppose 457 = 2*a + 3*j - 5888, j = -h*a + 12715. List the prime factors of -2*((a/(-8))/5 + -2).
163
Suppose 31*g - 94521 = 10*g. List the prime factors of g.
7, 643
Let p = -291 - -3247. Let j = p - 1308. List the prime factors of j.
2, 103
Suppose -8*j - 16 = 48. List the prime factors of ((-12)/3 - j)*372/8.
2, 3, 31
List the prime factors of 96020/((-24)/(-6))*32/40.
2, 4801
Suppose 3*w = 5*a - 318 - 272, 0 = w + 4*a + 174. Suppose 4*j - 2*j = 4*g - 536, -g - 1081 = 4*j. Let s = w - j. What are the prime factors of s?
2, 5
Let v = -19820 + 37260. What are the prime factors of v?
2, 5, 109
Let h(b) be the third derivative of 61*b**5/60 + 127*b**4/12 + 4*b**3/3 - 2*b**2 + 8*b. List the prime factors of h(-7).
23, 53
Suppose -10*y + 129554 = -t, -y - 6924 + 19868 = -2*t. List the prime factors of y.
2, 41, 79
What are the prime factors of (-20)/(-12) + 22631116/372?
2, 19, 1601
Let f be 1*(28 + 2) - 2. Let x(z) = -14*z**2 - f + 13*z**2 + 0 - 10*z + 31*z. List the prime factors of x(17).
2, 5
Let t = -584 + 603. Suppose -t*v = -29*v + 1570. What are the prime factors of v?
157
Suppose -5*y = b - 98311, y - 19673 = -12*b + 10*b. What are the prime factors of y?
19661
Suppose -15*o + 23 = -22. Suppose 0*w = -o*r - 4*w + 251, 3*r - 241 = w. List the prime factors of r.
3
Suppose -4*k = 2*u - 1302, u - 2*k = k + 661. Suppose 7*l - u - 1872 = 0. List the prime factors of l.
19
Let i(c) = 1. Let h(z) = -4*z + 16. Let l(t) = h(t) + 16*i(t). Let r be l(14). What are the prime factors of 3/((-4)/(r/(-9))) + 114?
2, 7
Let u(j) = 5*j**3 - 20*j**2 + 91*j - 270. What are the prime factors of u(18)?
2, 3, 167
Suppose 4*a - s - 45349 = 0, -23200 = -4*a - 3*s + 22129. List the prime factors of a.
2, 13, 109
Let t be (-15)/6*(-24)/(-20) + 7. List the prime factors of (-6)/t*(-6328)/42.
2, 113
Suppose -363 = 5*c - l, 5*c - l + 375 = 4*l. Let z = c - -78. Let v(n) = 4*n + 1. List the prime factors of v(z).
5
Suppose 0*n = -2*x + n + 12, x - 5*n = 15. Suppose 4*r = -x*k + 17, k = -3*r - 0*k + 21. List the prime factors of -2 + -1 + 112/r.
11
Suppose 0 = -42*n + 40*n - 32. What are the prime factors of 3/((-12)/n) + (-150)/(-1)?
2, 7, 11
Let v = 15498 - 4672. What are the prime factors of v?
2, 5413
Suppose -151*o + 5094 = -2758. Suppose 2*g + 17 = -5. What are the prime factors of 3/((-6)/o*g/33)?
2, 3, 13
Let t = 3 + -3. Suppose 53*r - 66*r + 18031 = t. What are the prime factors of r?
19, 73
Suppose -24*f + 600 = f. Let d be 5 + (-1 + 1)/1. Suppose -d*o = f - 254. What are the prime factors of o?
2, 23
Suppose -35*i + 38*i = 4*o - 39975, 0 = o + 4*i - 10027. List the prime factors of o.
3, 11, 101
Suppose -87350 = -37*d - 14941. List the prime factors of d.
19, 103
List the prime factors of (-1 + 76034/(-35))/((-12)/60).
10867
Let c(a) = -2*a**2 + 17*a - 66. Let k be c(10). What are the prime factors of ((-9816)/k)/((-2)/(-8))?
409
Let g = 4907 - -1538. What are the prime factors of g?
5, 1289
Suppose 250098 = 5*j + 5*r + 21678, 4*r = -28. What are the prime factors of j?
45691
Suppose -l + 3919 - 974 = 0. Let a = l + -1887. List the prime factors of a.
2, 23
Let c(t) = 33*t + 46. Let v be c(12). Suppose 4*r - 1342 = -v. What are the prime factors of r?
3, 5
Let k be (-24)/(-3) + -1 - 2. Suppose k*l + 219 = 2*p - 41, -25 = 5*p. What are the prime factors of 44/(-11)*(l - (-4)/2)?
2, 13
Let m be 1 + 6 + 24/(-6). Suppose m*k = 490 + 134. List the prime factors of k.
2, 13
Suppose -9*w - 1450 - 287 = 0. Let q = w + 595. List the prime factors of q.
2, 3, 67
List the prime factors of (-1)/(-2) - 14324569/(-854).
2, 8387
Suppose l = 3*n + 5193, -5*l + 26013 = -156*n + 157*n. List the prime factors of l.
2, 3, 17
Let p = 112 + -113. List the prime factors of 368 + (p + 5 + -6 - 2).
2, 7, 13
Let b = -333 + 333. What are the prime factors of 2/14 + b + 36282/42?
2, 3
Let w(a) = 69*a**2 - 154*a + 218. What are the prime factors of w(-11)?
31, 331
Suppose -27*v + 14*v + 9269 = 0. Let t = v + -318. What are the prime factors of t?
5, 79
Let r be (-51)/119 + 72/21. Suppose t - 2050 = -2*p, r*p - 5*t = 46 + 3029. What are the prime factors of p?
5, 41
Suppose 0*w + 3*w - 23 = -4*q, 0 = -q - w + 5. Let z(r) = -813 + 293 + r**2 - 3*r + 268 + 275. What are the prime factors of z(q)?
3, 7
Suppose -1 = -3*y - 2*k, y + 8*k - 7 = 4*k. What are the prime factors of (-106941)/(-258) + y/(0 - -2)?
2, 3, 23
Suppose 5*o - 17 = -2*z, -2*o + 4*z = -14 - 12. Suppose -o*u + 381 + 15 = 2*k, -4*k - 8 = 0. What are the prime factors of u?
2, 5
Suppose 3*p - 3 = 0, 0 = -34*g + 33*g - 2*p + 6894. What are the prime factors of g?
2, 1723
Let u = -2093 - -10701. List the prime factors of u.
2, 269
Suppose -6 = -3*b + y, -2*b + b + 18 = 5*y. Suppose -4*z - 5*k = -1143, b*z - 327 = -k + 533. List the prime factors of z.
7, 41
Suppose -3*a = g - 29, g - 16*a + 12*a - 43 = 0. List the prime factors of 850/14 + 10/g + 1.
2, 31
Suppose -11*t = -15*t + 2164. What are the prime factors of t/(5 + -1 + 14/(-4))?
2, 541
Let f(k) = 13*k**3 - 8*k**2 + 23*k - 34. Let g(l) = -5*l**3 + 3*l**2 - 8*l + 11. Let o(m) = -3*f(m) - 8*g(m). List the prime factors of o(9).
2, 349
What are the prime factors of -2*6/(-8)*(2 - 504064/(-66))?
7, 1637
Suppose 4*u + 71 = -1. Let s = u - -21. Suppose 33 = 3*t + c + s*c, -4*c = -12. What are the prime factors of t?
7
Suppose 4*o = 5*u - 73544, 0 = 33*u - 36*u - 3*o + 44121. List the prime factors of u.
2, 3677
Let t(d) = -26*d - 19*d + 26*d - 49. List the prime factors of t(-20).
331
Suppose 49*x - 117 - 30 = 0. Suppose 0*m = -m - 7. Let d = x - m. What are the prime factors